{"id":479,"date":"2024-10-22T12:33:04","date_gmt":"2024-10-22T12:33:04","guid":{"rendered":"https:\/\/mueblesparalaboratoriomx.com\/?page_id=479"},"modified":"2024-10-30T22:19:54","modified_gmt":"2024-10-30T22:19:54","slug":"gracias-por-enviar-su-mensaje","status":"publish","type":"page","link":"https:\/\/mueblesparalaboratoriomx.com\/index.php\/gracias-por-enviar-su-mensaje\/","title":{"rendered":"Gracias por enviar su mensaje\u00a0"},"content":{"rendered":"\t\t<div data-elementor-type=\"wp-page\" data-elementor-id=\"479\" class=\"elementor elementor-479\" data-elementor-post-type=\"page\">\n\t\t\t\t<div class=\"elementor-element elementor-element-0647c52 e-con-full e-flex elementor-invisible e-con e-parent\" data-id=\"0647c52\" data-element_type=\"container\" data-settings=\"{&quot;background_background&quot;:&quot;classic&quot;,&quot;animation&quot;:&quot;fadeInUp&quot;}\">\n\t\t<div class=\"elementor-element elementor-element-31b4ff8 e-con-full e-flex e-con e-child\" data-id=\"31b4ff8\" data-element_type=\"container\">\n\t\t<div class=\"elementor-element elementor-element-ec76fdb e-con-full e-flex e-con e-child\" data-id=\"ec76fdb\" data-element_type=\"container\">\n\t\t\t\t<div class=\"elementor-element elementor-element-ee68746 elementor-widget elementor-widget-heading\" data-id=\"ee68746\" data-element_type=\"widget\" data-widget_type=\"heading.default\">\n\t\t\t\t<div class=\"elementor-widget-container\">\n\t\t\t<h2 class=\"elementor-heading-title elementor-size-default\">Gracias por comunicarse con nosotros<\/h2>\t\t<\/div>\n\t\t\t\t<\/div>\n\t\t\t\t<div class=\"elementor-element elementor-element-95673b2 elementor-widget elementor-widget-text-editor\" data-id=\"95673b2\" data-element_type=\"widget\" data-widget_type=\"text-editor.default\">\n\t\t\t\t<div class=\"elementor-widget-container\">\n\t\t\t\t\t\t\t<p>Gracias por comunicarte con nosotros, en breve uno de nuestros asesores se pondr\u00e1 en contacto contigo para brindarte m\u00e1s informaci\u00f3n y atender de manera personalizada tu requerimiento.<\/p>\t\t\t\t\t\t<\/div>\n\t\t\t\t<\/div>\n\t\t\t\t<div class=\"elementor-element elementor-element-83751c3 elementor-align-center animated-slow elementor-invisible elementor-widget elementor-widget-button\" data-id=\"83751c3\" data-element_type=\"widget\" data-settings=\"{&quot;_animation&quot;:&quot;fadeInDown&quot;}\" data-widget_type=\"button.default\">\n\t\t\t\t<div class=\"elementor-widget-container\">\n\t\t\t\t\t<div class=\"elementor-button-wrapper\">\n\t\t\t<a class=\"elementor-button elementor-button-link elementor-size-sm\" href=\"https:\/\/mueblesparalaboratoriomx.com\/\">\n\t\t\t\t\t\t<span class=\"elementor-button-content-wrapper\">\n\t\t\t\t\t\t\t\t\t<span class=\"elementor-button-text\">REGRESAR<\/span>\n\t\t\t\t\t<\/span>\n\t\t\t\t\t<\/a>\n\t\t<\/div>\n\t\t\t\t<\/div>\n\t\t\t\t<\/div>\n\t\t\t\t<\/div>\n\t\t<div class=\"elementor-element elementor-element-777cc41 e-con-full e-flex e-con e-child\" data-id=\"777cc41\" data-element_type=\"container\">\n\t\t\t\t<div class=\"elementor-element elementor-element-edffda1 elementor-widget elementor-widget-image\" data-id=\"edffda1\" data-element_type=\"widget\" data-widget_type=\"image.default\">\n\t\t\t\t<div class=\"elementor-widget-container\">\n\t\t\t\t\t\t\t\t\t\t\t\t\t<img fetchpriority=\"high\" decoding=\"async\" width=\"1024\" height=\"727\" src=\"https:\/\/mueblesparalaboratoriomx.com\/wp-content\/uploads\/2024\/10\/COMPRA-2-1-1024x727.png\" class=\"attachment-large size-large wp-image-865\" alt=\"\" srcset=\"https:\/\/mueblesparalaboratoriomx.com\/wp-content\/uploads\/2024\/10\/COMPRA-2-1-1024x727.png 1024w, https:\/\/mueblesparalaboratoriomx.com\/wp-content\/uploads\/2024\/10\/COMPRA-2-1-300x213.png 300w, https:\/\/mueblesparalaboratoriomx.com\/wp-content\/uploads\/2024\/10\/COMPRA-2-1-768x545.png 768w, https:\/\/mueblesparalaboratoriomx.com\/wp-content\/uploads\/2024\/10\/COMPRA-2-1-206x146.png 206w, https:\/\/mueblesparalaboratoriomx.com\/wp-content\/uploads\/2024\/10\/COMPRA-2-1-50x36.png 50w, https:\/\/mueblesparalaboratoriomx.com\/wp-content\/uploads\/2024\/10\/COMPRA-2-1-106x75.png 106w, https:\/\/mueblesparalaboratoriomx.com\/wp-content\/uploads\/2024\/10\/COMPRA-2-1.png 1080w\" sizes=\"(max-width: 1024px) 100vw, 1024px\" \/>\t\t\t\t\t\t\t\t\t\t\t\t\t<\/div>\n\t\t\t\t<\/div>\n\t\t\t\t<\/div>\n\t\t\t\t<\/div>\n\t\t\t\t<\/div>\n\t\t\t\t<\/div>\n\t\t","protected":false},"excerpt":{"rendered":"<p>Gracias por comunicarse con nosotros Gracias por comunicarte con nosotros, en breve uno de nuestros asesores se pondr\u00e1 en contacto contigo para brindarte m\u00e1s informaci\u00f3n y<span class=\"excerpt-hellip\"> [\u2026]<\/span><\/p>\n","protected":false},"author":1,"featured_media":0,"parent":0,"menu_order":0,"comment_status":"closed","ping_status":"closed","template":"","meta":{"footnotes":""},"class_list":["post-479","page","type-page","status-publish","hentry"],"_links":{"self":[{"href":"https:\/\/mueblesparalaboratoriomx.com\/index.php\/wp-json\/wp\/v2\/pages\/479"}],"collection":[{"href":"https:\/\/mueblesparalaboratoriomx.com\/index.php\/wp-json\/wp\/v2\/pages"}],"about":[{"href":"https:\/\/mueblesparalaboratoriomx.com\/index.php\/wp-json\/wp\/v2\/types\/page"}],"author":[{"embeddable":true,"href":"https:\/\/mueblesparalaboratoriomx.com\/index.php\/wp-json\/wp\/v2\/users\/1"}],"replies":[{"embeddable":true,"href":"https:\/\/mueblesparalaboratoriomx.com\/index.php\/wp-json\/wp\/v2\/comments?post=479"}],"version-history":[{"count":10,"href":"https:\/\/mueblesparalaboratoriomx.com\/index.php\/wp-json\/wp\/v2\/pages\/479\/revisions"}],"predecessor-version":[{"id":930,"href":"https:\/\/mueblesparalaboratoriomx.com\/index.php\/wp-json\/wp\/v2\/pages\/479\/revisions\/930"}],"wp:attachment":[{"href":"https:\/\/mueblesparalaboratoriomx.com\/index.php\/wp-json\/wp\/v2\/media?parent=479"}],"curies":[{"name":"wp","href":"https:\/\/api.w.org\/{rel}","templated":true}]}}